{"id":19293,"date":"2025-05-02T14:30:34","date_gmt":"2025-05-02T14:30:34","guid":{"rendered":"https:\/\/www.alliedmobility.com\/de\/?post_type=car&#038;p=19293"},"modified":"2026-08-27T10:53:35","modified_gmt":"2026-08-27T10:53:35","slug":"ford-tourneo-custom-dream","status":"publish","type":"car","link":"https:\/\/www.alliedmobility.com\/de\/auto\/ford-tourneo-custom-dream\/","title":{"rendered":"Ford Tourneo Custom Dream"},"content":{"rendered":"","protected":false},"featured_media":19652,"template":"","wav-type":[142,149],"make":[47],"class_list":["post-19293","car","type-car","status-publish","has-post-thumbnail","hentry","wav-type-drive-from-up-front","wav-type-driver-it","make-ford"],"acf":[],"yoast_head":"<!-- This site is optimized with the Yoast SEO plugin v28.3 - https:\/\/yoast.com\/product\/yoast-seo-wordpress\/ -->\n<title>Ford Tourneo Custom Dream \u2122 - Neue behindertengerechte Fahrzeuge - Allied Mobility<\/title>\n<meta name=\"description\" content=\"Das Fahrzeug \u201eFord Dream\u201c, das f\u00fcr den Transport von Rollstuhlfahrern konzipiert wurde, ist ab sofort bei Allied Mobility erh\u00e4ltlich. Es bietet eine einzigartige Flexibilit\u00e4t, sodass Rollstuhlfahrer von ihrem Rollstuhl auf den speziellen Fahrer- oder Beifahrersitz umsteigen k\u00f6nnen.\" \/>\n<meta name=\"robots\" content=\"index, follow, max-snippet:-1, max-image-preview:large, max-video-preview:-1\" \/>\n<link rel=\"canonical\" href=\"https:\/\/www.alliedmobility.com\/de\/auto\/ford-tourneo-custom-dream\/\" \/>\n<meta property=\"og:locale\" content=\"de-DE\" \/>\n<meta property=\"og:type\" content=\"article\" \/>\n<meta property=\"og:title\" content=\"Ford Tourneo Custom Dream \u2122 - Neue behindertengerechte Fahrzeuge - Allied Mobility\" \/>\n<meta property=\"og:description\" content=\"Das Fahrzeug \u201eFord Dream\u201c, das f\u00fcr den Transport von Rollstuhlfahrern konzipiert wurde, ist ab sofort bei Allied Mobility erh\u00e4ltlich. Es bietet eine einzigartige Flexibilit\u00e4t, sodass Rollstuhlfahrer von ihrem Rollstuhl auf den speziellen Fahrer- oder Beifahrersitz umsteigen k\u00f6nnen.\" \/>\n<meta property=\"og:url\" content=\"https:\/\/www.alliedmobility.com\/de\/auto\/ford-tourneo-custom-dream\/\" \/>\n<meta property=\"og:site_name\" content=\"Allied Mobility Deutschland\" \/>\n<meta property=\"article:modified_time\" content=\"2026-08-27T10:53:35+00:00\" \/>\n<meta property=\"og:image\" content=\"https:\/\/www.alliedmobility.com\/de\/wp-content\/uploads\/2024\/06\/Horizon-Gallery2.jpg\" \/>\n\t<meta property=\"og:image:width\" content=\"600\" \/>\n\t<meta property=\"og:image:height\" content=\"380\" \/>\n\t<meta property=\"og:image:type\" content=\"image\/jpeg\" \/>\n<meta name=\"twitter:label1\" content=\"Estimated reading time\" \/>\n\t<meta name=\"twitter:data1\" content=\"14 minutes\" \/>\n<script type=\"application\/ld+json\" class=\"yoast-schema-graph\">{\"@context\":\"https:\\\/\\\/schema.org\",\"@graph\":[{\"@type\":\"WebPage\",\"@id\":\"https:\\\/\\\/www.alliedmobility.com\\\/de\\\/auto\\\/ford-tourneo-custom-dream\\\/\",\"url\":\"https:\\\/\\\/www.alliedmobility.com\\\/de\\\/auto\\\/ford-tourneo-custom-dream\\\/\",\"name\":\"Ford Tourneo Custom Dream \u2122 - Neue behindertengerechte Fahrzeuge - Allied Mobility\",\"isPartOf\":{\"@id\":\"https:\\\/\\\/www.alliedmobility.com\\\/de\\\/#website\"},\"primaryImageOfPage\":{\"@id\":\"https:\\\/\\\/www.alliedmobility.com\\\/de\\\/auto\\\/ford-tourneo-custom-dream\\\/#primaryimage\"},\"image\":{\"@id\":\"https:\\\/\\\/www.alliedmobility.com\\\/de\\\/auto\\\/ford-tourneo-custom-dream\\\/#primaryimage\"},\"thumbnailUrl\":\"https:\\\/\\\/www.alliedmobility.com\\\/de\\\/wp-content\\\/uploads\\\/2025\\\/10\\\/Dream-Agate-Black.png\",\"datePublished\":\"2025-05-02T14:30:34+00:00\",\"dateModified\":\"2026-08-27T10:53:35+00:00\",\"description\":\"Das Fahrzeug \u201eFord Dream\u201c, das f\u00fcr den Transport von Rollstuhlfahrern konzipiert wurde, ist ab sofort bei Allied Mobility erh\u00e4ltlich. Es bietet eine einzigartige Flexibilit\u00e4t, sodass Rollstuhlfahrer von ihrem Rollstuhl auf den speziellen Fahrer- oder Beifahrersitz umsteigen k\u00f6nnen.\",\"breadcrumb\":{\"@id\":\"https:\\\/\\\/www.alliedmobility.com\\\/de\\\/auto\\\/ford-tourneo-custom-dream\\\/#breadcrumb\"},\"inLanguage\":\"de-DE\",\"potentialAction\":[{\"@type\":\"ReadAction\",\"target\":[\"https:\\\/\\\/www.alliedmobility.com\\\/de\\\/auto\\\/ford-tourneo-custom-dream\\\/\"]}]},{\"@type\":\"ImageObject\",\"inLanguage\":\"de-DE\",\"@id\":\"https:\\\/\\\/www.alliedmobility.com\\\/de\\\/auto\\\/ford-tourneo-custom-dream\\\/#primaryimage\",\"url\":\"https:\\\/\\\/www.alliedmobility.com\\\/de\\\/wp-content\\\/uploads\\\/2025\\\/10\\\/Dream-Agate-Black.png\",\"contentUrl\":\"https:\\\/\\\/www.alliedmobility.com\\\/de\\\/wp-content\\\/uploads\\\/2025\\\/10\\\/Dream-Agate-Black.png\",\"width\":800,\"height\":350,\"caption\":\"Black\"},{\"@type\":\"BreadcrumbList\",\"@id\":\"https:\\\/\\\/www.alliedmobility.com\\\/de\\\/auto\\\/ford-tourneo-custom-dream\\\/#breadcrumb\",\"itemListElement\":[{\"@type\":\"ListItem\",\"position\":1,\"name\":\"Startseite\",\"item\":\"https:\\\/\\\/www.alliedmobility.com\\\/de\\\/\"},{\"@type\":\"ListItem\",\"position\":2,\"name\":\"Ford Tourneo Custom Dream\"}],\"inLanguage\":\"de-DE\"},{\"@type\":\"WebSite\",\"@id\":\"https:\\\/\\\/www.alliedmobility.com\\\/de\\\/#website\",\"url\":\"https:\\\/\\\/www.alliedmobility.com\\\/de\\\/\",\"name\":\"Allied Mobility Deutschland\",\"description\":\"Sie einem der weltweit f\u00fchrenden Hersteller von rollstuhlgerechten Fahrzeugen\",\"potentialAction\":[{\"@type\":\"SearchAction\",\"target\":{\"@type\":\"EntryPoint\",\"urlTemplate\":\"https:\\\/\\\/www.alliedmobility.com\\\/de\\\/?s={search_term_string}\"},\"query-input\":{\"@type\":\"PropertyValueSpecification\",\"valueRequired\":true,\"valueName\":\"search_term_string\"}}],\"inLanguage\":\"de-DE\"}]}<\/script>\n<!-- \/ Yoast SEO plugin. -->","yoast_head_json":{"title":"Ford Tourneo Custom Dream \u2122 - Neue behindertengerechte Fahrzeuge - Allied Mobility","description":"Das Fahrzeug \u201eFord Dream\u201c, das f\u00fcr den Transport von Rollstuhlfahrern konzipiert wurde, ist ab sofort bei Allied Mobility erh\u00e4ltlich. Es bietet eine einzigartige Flexibilit\u00e4t, sodass Rollstuhlfahrer von ihrem Rollstuhl auf den speziellen Fahrer- oder Beifahrersitz umsteigen k\u00f6nnen.","robots":{"index":"index","follow":"follow","max-snippet":"max-snippet:-1","max-image-preview":"max-image-preview:large","max-video-preview":"max-video-preview:-1"},"canonical":"https:\/\/www.alliedmobility.com\/de\/auto\/ford-tourneo-custom-dream\/","og_locale":"de-DE","og_type":"article","og_title":"Ford Tourneo Custom Dream \u2122 - Neue behindertengerechte Fahrzeuge - Allied Mobility","og_description":"Das Fahrzeug \u201eFord Dream\u201c, das f\u00fcr den Transport von Rollstuhlfahrern konzipiert wurde, ist ab sofort bei Allied Mobility erh\u00e4ltlich. Es bietet eine einzigartige Flexibilit\u00e4t, sodass Rollstuhlfahrer von ihrem Rollstuhl auf den speziellen Fahrer- oder Beifahrersitz umsteigen k\u00f6nnen.","og_url":"https:\/\/www.alliedmobility.com\/de\/auto\/ford-tourneo-custom-dream\/","og_site_name":"Allied Mobility Deutschland","article_modified_time":"2026-08-27T10:53:35+00:00","og_image":[{"width":600,"height":380,"url":"https:\/\/www.alliedmobility.com\/de\/wp-content\/uploads\/2024\/06\/Horizon-Gallery2.jpg","type":"image\/jpeg"}],"twitter_misc":{"Estimated reading time":"14 minutes"},"schema":{"@context":"https:\/\/schema.org","@graph":[{"@type":"WebPage","@id":"https:\/\/www.alliedmobility.com\/de\/auto\/ford-tourneo-custom-dream\/","url":"https:\/\/www.alliedmobility.com\/de\/auto\/ford-tourneo-custom-dream\/","name":"Ford Tourneo Custom Dream \u2122 - Neue behindertengerechte Fahrzeuge - Allied Mobility","isPartOf":{"@id":"https:\/\/www.alliedmobility.com\/de\/#website"},"primaryImageOfPage":{"@id":"https:\/\/www.alliedmobility.com\/de\/auto\/ford-tourneo-custom-dream\/#primaryimage"},"image":{"@id":"https:\/\/www.alliedmobility.com\/de\/auto\/ford-tourneo-custom-dream\/#primaryimage"},"thumbnailUrl":"https:\/\/www.alliedmobility.com\/de\/wp-content\/uploads\/2025\/10\/Dream-Agate-Black.png","datePublished":"2025-05-02T14:30:34+00:00","dateModified":"2026-08-27T10:53:35+00:00","description":"Das Fahrzeug \u201eFord Dream\u201c, das f\u00fcr den Transport von Rollstuhlfahrern konzipiert wurde, ist ab sofort bei Allied Mobility erh\u00e4ltlich. Es bietet eine einzigartige Flexibilit\u00e4t, sodass Rollstuhlfahrer von ihrem Rollstuhl auf den speziellen Fahrer- oder Beifahrersitz umsteigen k\u00f6nnen.","breadcrumb":{"@id":"https:\/\/www.alliedmobility.com\/de\/auto\/ford-tourneo-custom-dream\/#breadcrumb"},"inLanguage":"de-DE","potentialAction":[{"@type":"ReadAction","target":["https:\/\/www.alliedmobility.com\/de\/auto\/ford-tourneo-custom-dream\/"]}]},{"@type":"ImageObject","inLanguage":"de-DE","@id":"https:\/\/www.alliedmobility.com\/de\/auto\/ford-tourneo-custom-dream\/#primaryimage","url":"https:\/\/www.alliedmobility.com\/de\/wp-content\/uploads\/2025\/10\/Dream-Agate-Black.png","contentUrl":"https:\/\/www.alliedmobility.com\/de\/wp-content\/uploads\/2025\/10\/Dream-Agate-Black.png","width":800,"height":350,"caption":"Black"},{"@type":"BreadcrumbList","@id":"https:\/\/www.alliedmobility.com\/de\/auto\/ford-tourneo-custom-dream\/#breadcrumb","itemListElement":[{"@type":"ListItem","position":1,"name":"Startseite","item":"https:\/\/www.alliedmobility.com\/de\/"},{"@type":"ListItem","position":2,"name":"Ford Tourneo Custom Dream"}],"inLanguage":"de-DE"},{"@type":"WebSite","@id":"https:\/\/www.alliedmobility.com\/de\/#website","url":"https:\/\/www.alliedmobility.com\/de\/","name":"Allied Mobility Deutschland","description":"Sie einem der weltweit f\u00fchrenden Hersteller von rollstuhlgerechten Fahrzeugen","potentialAction":[{"@type":"SearchAction","target":{"@type":"EntryPoint","urlTemplate":"https:\/\/www.alliedmobility.com\/de\/?s={search_term_string}"},"query-input":{"@type":"PropertyValueSpecification","valueRequired":true,"valueName":"search_term_string"}}],"inLanguage":"de-DE"}]}},"_links":{"self":[{"href":"https:\/\/www.alliedmobility.com\/de\/wp-json\/wp\/v2\/car\/19293","targetHints":{"allow":["GET"]}}],"collection":[{"href":"https:\/\/www.alliedmobility.com\/de\/wp-json\/wp\/v2\/car"}],"about":[{"href":"https:\/\/www.alliedmobility.com\/de\/wp-json\/wp\/v2\/types\/car"}],"wp:featuredmedia":[{"embeddable":true,"href":"https:\/\/www.alliedmobility.com\/de\/wp-json\/wp\/v2\/media\/19652"}],"wp:attachment":[{"href":"https:\/\/www.alliedmobility.com\/de\/wp-json\/wp\/v2\/media?parent=19293"}],"wp:term":[{"taxonomy":"wav-type","embeddable":true,"href":"https:\/\/www.alliedmobility.com\/de\/wp-json\/wp\/v2\/wav-type?post=19293"},{"taxonomy":"make","embeddable":true,"href":"https:\/\/www.alliedmobility.com\/de\/wp-json\/wp\/v2\/make?post=19293"}],"curies":[{"name":"wp","href":"https:\/\/api.w.org\/{rel}","templated":true}]}}

<!-- This site is optimized with the Yoast SEO plugin v28.3 - https://yoast.com/product/yoast-seo-wordpress/ -->
<title>Ford Tourneo Custom Dream ™ - Neue behindertengerechte Fahrzeuge - Allied Mobility</title>
<meta name="description" content="Das Fahrzeug „Ford Dream“, das für den Transport von Rollstuhlfahrern konzipiert wurde, ist ab sofort bei Allied Mobility erhältlich. Es bietet eine einzigartige Flexibilität, sodass Rollstuhlfahrer von ihrem Rollstuhl auf den speziellen Fahrer- oder Beifahrersitz umsteigen können." />
<meta name="robots" content="index, follow, max-snippet:-1, max-image-preview:large, max-video-preview:-1" />
<link rel="canonical" href="https://www.alliedmobility.com/de/auto/ford-tourneo-custom-dream/" />
<meta property="og:locale" content="de-DE" />
<meta property="og:type" content="article" />
<meta property="og:title" content="Ford Tourneo Custom Dream ™ - Neue behindertengerechte Fahrzeuge - Allied Mobility" />
<meta property="og:description" content="Das Fahrzeug „Ford Dream“, das für den Transport von Rollstuhlfahrern konzipiert wurde, ist ab sofort bei Allied Mobility erhältlich. Es bietet eine einzigartige Flexibilität, sodass Rollstuhlfahrer von ihrem Rollstuhl auf den speziellen Fahrer- oder Beifahrersitz umsteigen können." />
<meta property="og:url" content="https://www.alliedmobility.com/de/auto/ford-tourneo-custom-dream/" />
<meta property="og:site_name" content="Allied Mobility Deutschland" />
<meta property="article:modified_time" content="2026-08-27T10:53:35+00:00" />
<meta property="og:image" content="https://www.alliedmobility.com/de/wp-content/uploads/2024/06/Horizon-Gallery2.jpg" />
	<meta property="og:image:width" content="600" />
	<meta property="og:image:height" content="380" />
	<meta property="og:image:type" content="image/jpeg" />
<meta name="twitter:label1" content="Estimated reading time" />
	<meta name="twitter:data1" content="14 minutes" />
<script type="application/ld+json" class="yoast-schema-graph">{"@context":"https:\/\/schema.org","@graph":[{"@type":"WebPage","@id":"https:\/\/www.alliedmobility.com\/de\/auto\/ford-tourneo-custom-dream\/","url":"https:\/\/www.alliedmobility.com\/de\/auto\/ford-tourneo-custom-dream\/","name":"Ford Tourneo Custom Dream ™ - Neue behindertengerechte Fahrzeuge - Allied Mobility","isPartOf":{"@id":"https:\/\/www.alliedmobility.com\/de\/#website"},"primaryImageOfPage":{"@id":"https:\/\/www.alliedmobility.com\/de\/auto\/ford-tourneo-custom-dream\/#primaryimage"},"image":{"@id":"https:\/\/www.alliedmobility.com\/de\/auto\/ford-tourneo-custom-dream\/#primaryimage"},"thumbnailUrl":"https:\/\/www.alliedmobility.com\/de\/wp-content\/uploads\/2025\/10\/Dream-Agate-Black.png","datePublished":"2025-05-02T14:30:34+00:00","dateModified":"2026-08-27T10:53:35+00:00","description":"Das Fahrzeug „Ford Dream“, das für den Transport von Rollstuhlfahrern konzipiert wurde, ist ab sofort bei Allied Mobility erhältlich. Es bietet eine einzigartige Flexibilität, sodass Rollstuhlfahrer von ihrem Rollstuhl auf den speziellen Fahrer- oder Beifahrersitz umsteigen können.","breadcrumb":{"@id":"https:\/\/www.alliedmobility.com\/de\/auto\/ford-tourneo-custom-dream\/#breadcrumb"},"inLanguage":"de-DE","potentialAction":[{"@type":"ReadAction","target":["https:\/\/www.alliedmobility.com\/de\/auto\/ford-tourneo-custom-dream\/"]}]},{"@type":"ImageObject","inLanguage":"de-DE","@id":"https:\/\/www.alliedmobility.com\/de\/auto\/ford-tourneo-custom-dream\/#primaryimage","url":"https:\/\/www.alliedmobility.com\/de\/wp-content\/uploads\/2025\/10\/Dream-Agate-Black.png","contentUrl":"https:\/\/www.alliedmobility.com\/de\/wp-content\/uploads\/2025\/10\/Dream-Agate-Black.png","width":800,"height":350,"caption":"Black"},{"@type":"BreadcrumbList","@id":"https:\/\/www.alliedmobility.com\/de\/auto\/ford-tourneo-custom-dream\/#breadcrumb","itemListElement":[{"@type":"ListItem","position":1,"name":"Startseite","item":"https:\/\/www.alliedmobility.com\/de\/"},{"@type":"ListItem","position":2,"name":"Ford Tourneo Custom Dream"}],"inLanguage":"de-DE"},{"@type":"WebSite","@id":"https:\/\/www.alliedmobility.com\/de\/#website","url":"https:\/\/www.alliedmobility.com\/de\/","name":"Allied Mobility Deutschland","description":"Sie einem der weltweit führenden Hersteller von rollstuhlgerechten Fahrzeugen","potentialAction":[{"@type":"SearchAction","target":{"@type":"EntryPoint","urlTemplate":"https:\/\/www.alliedmobility.com\/de\/?s={search_term_string}"},"query-input":{"@type":"PropertyValueSpecification","valueRequired":true,"valueName":"search_term_string"}}],"inLanguage":"de-DE"}]}</script>
<!-- / Yoast SEO plugin. -->

Das Fahrzeug „Ford Dream“, das für den Transport von Rollstuhlfahrern konzipiert wurde, ist ab sofort bei Allied Mobility erhältlich. Es bietet eine einzigartige Flexibilität, sodass Rollstuhlfahrer von ihrem Rollstuhl auf den speziellen Fahrer- oder Beifahrersitz umsteigen können.

Sie einem der weltweit führenden Hersteller von rollstuhlgerechten Fahrzeugen
