{"id":18128,"date":"2025-03-03T14:54:12","date_gmt":"2025-03-03T14:54:12","guid":{"rendered":"https:\/\/www.alliedmobility.com\/es\/coche\/ford-tourneo-custom-dream-2\/"},"modified":"2026-08-27T09:12:56","modified_gmt":"2026-08-27T09:12:56","slug":"ford-tourneo-custom-dream","status":"publish","type":"car","link":"https:\/\/www.alliedmobility.com\/es\/coche\/ford-tourneo-custom-dream\/","title":{"rendered":"Ford Tourneo Custom Dream"},"featured_media":19652,"template":"","wav-type":[138,148],"make":[47],"class_list":["post-18128","car","type-car","status-publish","has-post-thumbnail","hentry","wav-type-drive-from-up-front","wav-type-driver-it","make-ford"],"acf":[],"yoast_head":"<!-- This site is optimized with the Yoast SEO plugin v28.3 - https:\/\/yoast.com\/product\/yoast-seo-wordpress\/ -->\n<title>Ford Tourneo Custom Dream \u2122 - Veh\u00edculos adaptados para sillas de ruedas - Allied Mobility<\/title>\n<meta name=\"description\" content=\"El veh\u00edculo Ford Dream, dise\u00f1ado para el traslado de personas en silla de ruedas, ya est\u00e1 disponible en Allied Mobility. Ofrece una flexibilidad \u00fanica para que el usuario de silla de ruedas pueda pasar de su silla al asiento especializado del conductor o del copiloto.\" \/>\n<meta name=\"robots\" content=\"index, follow, max-snippet:-1, max-image-preview:large, max-video-preview:-1\" \/>\n<link rel=\"canonical\" href=\"https:\/\/www.alliedmobility.com\/es\/coche\/ford-tourneo-custom-dream\/\" \/>\n<meta property=\"og:locale\" content=\"es-ES\" \/>\n<meta property=\"og:type\" content=\"article\" \/>\n<meta property=\"og:title\" content=\"Ford Tourneo Custom Dream \u2122 - Veh\u00edculos adaptados para sillas de ruedas - Allied Mobility\" \/>\n<meta property=\"og:description\" content=\"El veh\u00edculo Ford Dream, dise\u00f1ado para el traslado de personas en silla de ruedas, ya est\u00e1 disponible en Allied Mobility. Ofrece una flexibilidad \u00fanica para que el usuario de silla de ruedas pueda pasar de su silla al asiento especializado del conductor o del copiloto.\" \/>\n<meta property=\"og:url\" content=\"https:\/\/www.alliedmobility.com\/es\/coche\/ford-tourneo-custom-dream\/\" \/>\n<meta property=\"og:site_name\" content=\"Allied Mobility Espana\" \/>\n<meta property=\"article:modified_time\" content=\"2026-08-27T09:12:56+00:00\" \/>\n<meta name=\"twitter:label1\" content=\"Estimated reading time\" \/>\n\t<meta name=\"twitter:data1\" content=\"14 minutes\" \/>\n<script type=\"application\/ld+json\" class=\"yoast-schema-graph\">{\"@context\":\"https:\\\/\\\/schema.org\",\"@graph\":[{\"@type\":\"WebPage\",\"@id\":\"https:\\\/\\\/www.alliedmobility.com\\\/es\\\/coche\\\/ford-tourneo-custom-dream\\\/\",\"url\":\"https:\\\/\\\/www.alliedmobility.com\\\/es\\\/coche\\\/ford-tourneo-custom-dream\\\/\",\"name\":\"Ford Tourneo Custom Dream \u2122 - Veh\u00edculos adaptados para sillas de ruedas - Allied Mobility\",\"isPartOf\":{\"@id\":\"https:\\\/\\\/www.alliedmobility.com\\\/es\\\/#website\"},\"primaryImageOfPage\":{\"@id\":\"https:\\\/\\\/www.alliedmobility.com\\\/es\\\/coche\\\/ford-tourneo-custom-dream\\\/#primaryimage\"},\"image\":{\"@id\":\"https:\\\/\\\/www.alliedmobility.com\\\/es\\\/coche\\\/ford-tourneo-custom-dream\\\/#primaryimage\"},\"thumbnailUrl\":\"https:\\\/\\\/www.alliedmobility.com\\\/es\\\/wp-content\\\/uploads\\\/2025\\\/03\\\/Dream-Moondust-side-view.png\",\"datePublished\":\"2025-03-03T14:54:12+00:00\",\"dateModified\":\"2026-08-27T09:12:56+00:00\",\"description\":\"El veh\u00edculo Ford Dream, dise\u00f1ado para el traslado de personas en silla de ruedas, ya est\u00e1 disponible en Allied Mobility. Ofrece una flexibilidad \u00fanica para que el usuario de silla de ruedas pueda pasar de su silla al asiento especializado del conductor o del copiloto.\",\"breadcrumb\":{\"@id\":\"https:\\\/\\\/www.alliedmobility.com\\\/es\\\/coche\\\/ford-tourneo-custom-dream\\\/#breadcrumb\"},\"inLanguage\":\"es-ES\",\"potentialAction\":[{\"@type\":\"ReadAction\",\"target\":[\"https:\\\/\\\/www.alliedmobility.com\\\/es\\\/coche\\\/ford-tourneo-custom-dream\\\/\"]}]},{\"@type\":\"ImageObject\",\"inLanguage\":\"es-ES\",\"@id\":\"https:\\\/\\\/www.alliedmobility.com\\\/es\\\/coche\\\/ford-tourneo-custom-dream\\\/#primaryimage\",\"url\":\"https:\\\/\\\/www.alliedmobility.com\\\/es\\\/wp-content\\\/uploads\\\/2025\\\/03\\\/Dream-Moondust-side-view.png\",\"contentUrl\":\"https:\\\/\\\/www.alliedmobility.com\\\/es\\\/wp-content\\\/uploads\\\/2025\\\/03\\\/Dream-Moondust-side-view.png\",\"width\":800,\"height\":350,\"caption\":\"Una furgoneta blanca Ford Dream&#x2122; con el port\u00f3n trasero abierto y una rampa desplegada, dise\u00f1ada para el acceso en silla de ruedas, representada de perfil sobre un fondo liso.\"},{\"@type\":\"BreadcrumbList\",\"@id\":\"https:\\\/\\\/www.alliedmobility.com\\\/es\\\/coche\\\/ford-tourneo-custom-dream\\\/#breadcrumb\",\"itemListElement\":[{\"@type\":\"ListItem\",\"position\":1,\"name\":\"Inicio\",\"item\":\"https:\\\/\\\/www.alliedmobility.com\\\/es\\\/\"},{\"@type\":\"ListItem\",\"position\":2,\"name\":\"Ford Tourneo Custom Dream\"}],\"inLanguage\":\"es-ES\"},{\"@type\":\"WebSite\",\"@id\":\"https:\\\/\\\/www.alliedmobility.com\\\/es\\\/#website\",\"url\":\"https:\\\/\\\/www.alliedmobility.com\\\/es\\\/\",\"name\":\"Allied Mobility Espana\",\"description\":\"Coches adaptados con rampa para sillas de ruedas en Espa\u00f1a\",\"potentialAction\":[{\"@type\":\"SearchAction\",\"target\":{\"@type\":\"EntryPoint\",\"urlTemplate\":\"https:\\\/\\\/www.alliedmobility.com\\\/es\\\/?s={search_term_string}\"},\"query-input\":{\"@type\":\"PropertyValueSpecification\",\"valueRequired\":true,\"valueName\":\"search_term_string\"}}],\"inLanguage\":\"es-ES\"}]}<\/script>\n<!-- \/ Yoast SEO plugin. -->","yoast_head_json":{"title":"Ford Tourneo Custom Dream \u2122 - Veh\u00edculos adaptados para sillas de ruedas - Allied Mobility","description":"El veh\u00edculo Ford Dream, dise\u00f1ado para el traslado de personas en silla de ruedas, ya est\u00e1 disponible en Allied Mobility. Ofrece una flexibilidad \u00fanica para que el usuario de silla de ruedas pueda pasar de su silla al asiento especializado del conductor o del copiloto.","robots":{"index":"index","follow":"follow","max-snippet":"max-snippet:-1","max-image-preview":"max-image-preview:large","max-video-preview":"max-video-preview:-1"},"canonical":"https:\/\/www.alliedmobility.com\/es\/coche\/ford-tourneo-custom-dream\/","og_locale":"es-ES","og_type":"article","og_title":"Ford Tourneo Custom Dream \u2122 - Veh\u00edculos adaptados para sillas de ruedas - Allied Mobility","og_description":"El veh\u00edculo Ford Dream, dise\u00f1ado para el traslado de personas en silla de ruedas, ya est\u00e1 disponible en Allied Mobility. Ofrece una flexibilidad \u00fanica para que el usuario de silla de ruedas pueda pasar de su silla al asiento especializado del conductor o del copiloto.","og_url":"https:\/\/www.alliedmobility.com\/es\/coche\/ford-tourneo-custom-dream\/","og_site_name":"Allied Mobility Espana","article_modified_time":"2026-08-27T09:12:56+00:00","twitter_misc":{"Estimated reading time":"14 minutes"},"schema":{"@context":"https:\/\/schema.org","@graph":[{"@type":"WebPage","@id":"https:\/\/www.alliedmobility.com\/es\/coche\/ford-tourneo-custom-dream\/","url":"https:\/\/www.alliedmobility.com\/es\/coche\/ford-tourneo-custom-dream\/","name":"Ford Tourneo Custom Dream \u2122 - Veh\u00edculos adaptados para sillas de ruedas - Allied Mobility","isPartOf":{"@id":"https:\/\/www.alliedmobility.com\/es\/#website"},"primaryImageOfPage":{"@id":"https:\/\/www.alliedmobility.com\/es\/coche\/ford-tourneo-custom-dream\/#primaryimage"},"image":{"@id":"https:\/\/www.alliedmobility.com\/es\/coche\/ford-tourneo-custom-dream\/#primaryimage"},"thumbnailUrl":"https:\/\/www.alliedmobility.com\/es\/wp-content\/uploads\/2025\/03\/Dream-Moondust-side-view.png","datePublished":"2025-03-03T14:54:12+00:00","dateModified":"2026-08-27T09:12:56+00:00","description":"El veh\u00edculo Ford Dream, dise\u00f1ado para el traslado de personas en silla de ruedas, ya est\u00e1 disponible en Allied Mobility. Ofrece una flexibilidad \u00fanica para que el usuario de silla de ruedas pueda pasar de su silla al asiento especializado del conductor o del copiloto.","breadcrumb":{"@id":"https:\/\/www.alliedmobility.com\/es\/coche\/ford-tourneo-custom-dream\/#breadcrumb"},"inLanguage":"es-ES","potentialAction":[{"@type":"ReadAction","target":["https:\/\/www.alliedmobility.com\/es\/coche\/ford-tourneo-custom-dream\/"]}]},{"@type":"ImageObject","inLanguage":"es-ES","@id":"https:\/\/www.alliedmobility.com\/es\/coche\/ford-tourneo-custom-dream\/#primaryimage","url":"https:\/\/www.alliedmobility.com\/es\/wp-content\/uploads\/2025\/03\/Dream-Moondust-side-view.png","contentUrl":"https:\/\/www.alliedmobility.com\/es\/wp-content\/uploads\/2025\/03\/Dream-Moondust-side-view.png","width":800,"height":350,"caption":"Una furgoneta blanca Ford Dream&#x2122; con el port\u00f3n trasero abierto y una rampa desplegada, dise\u00f1ada para el acceso en silla de ruedas, representada de perfil sobre un fondo liso."},{"@type":"BreadcrumbList","@id":"https:\/\/www.alliedmobility.com\/es\/coche\/ford-tourneo-custom-dream\/#breadcrumb","itemListElement":[{"@type":"ListItem","position":1,"name":"Inicio","item":"https:\/\/www.alliedmobility.com\/es\/"},{"@type":"ListItem","position":2,"name":"Ford Tourneo Custom Dream"}],"inLanguage":"es-ES"},{"@type":"WebSite","@id":"https:\/\/www.alliedmobility.com\/es\/#website","url":"https:\/\/www.alliedmobility.com\/es\/","name":"Allied Mobility Espana","description":"Coches adaptados con rampa para sillas de ruedas en Espa\u00f1a","potentialAction":[{"@type":"SearchAction","target":{"@type":"EntryPoint","urlTemplate":"https:\/\/www.alliedmobility.com\/es\/?s={search_term_string}"},"query-input":{"@type":"PropertyValueSpecification","valueRequired":true,"valueName":"search_term_string"}}],"inLanguage":"es-ES"}]}},"_links":{"self":[{"href":"https:\/\/www.alliedmobility.com\/es\/wp-json\/wp\/v2\/car\/18128","targetHints":{"allow":["GET"]}}],"collection":[{"href":"https:\/\/www.alliedmobility.com\/es\/wp-json\/wp\/v2\/car"}],"about":[{"href":"https:\/\/www.alliedmobility.com\/es\/wp-json\/wp\/v2\/types\/car"}],"version-history":[{"count":3,"href":"https:\/\/www.alliedmobility.com\/es\/wp-json\/wp\/v2\/car\/18128\/revisions"}],"predecessor-version":[{"id":20380,"href":"https:\/\/www.alliedmobility.com\/es\/wp-json\/wp\/v2\/car\/18128\/revisions\/20380"}],"wp:featuredmedia":[{"embeddable":true,"href":"https:\/\/www.alliedmobility.com\/es\/wp-json\/wp\/v2\/media\/19652"}],"wp:attachment":[{"href":"https:\/\/www.alliedmobility.com\/es\/wp-json\/wp\/v2\/media?parent=18128"}],"wp:term":[{"taxonomy":"wav-type","embeddable":true,"href":"https:\/\/www.alliedmobility.com\/es\/wp-json\/wp\/v2\/wav-type?post=18128"},{"taxonomy":"make","embeddable":true,"href":"https:\/\/www.alliedmobility.com\/es\/wp-json\/wp\/v2\/make?post=18128"}],"curies":[{"name":"wp","href":"https:\/\/api.w.org\/{rel}","templated":true}]}}

<!-- This site is optimized with the Yoast SEO plugin v28.3 - https://yoast.com/product/yoast-seo-wordpress/ -->
<title>Ford Tourneo Custom Dream ™ - Vehículos adaptados para sillas de ruedas - Allied Mobility</title>
<meta name="description" content="El vehículo Ford Dream, diseñado para el traslado de personas en silla de ruedas, ya está disponible en Allied Mobility. Ofrece una flexibilidad única para que el usuario de silla de ruedas pueda pasar de su silla al asiento especializado del conductor o del copiloto." />
<meta name="robots" content="index, follow, max-snippet:-1, max-image-preview:large, max-video-preview:-1" />
<link rel="canonical" href="https://www.alliedmobility.com/es/coche/ford-tourneo-custom-dream/" />
<meta property="og:locale" content="es-ES" />
<meta property="og:type" content="article" />
<meta property="og:title" content="Ford Tourneo Custom Dream ™ - Vehículos adaptados para sillas de ruedas - Allied Mobility" />
<meta property="og:description" content="El vehículo Ford Dream, diseñado para el traslado de personas en silla de ruedas, ya está disponible en Allied Mobility. Ofrece una flexibilidad única para que el usuario de silla de ruedas pueda pasar de su silla al asiento especializado del conductor o del copiloto." />
<meta property="og:url" content="https://www.alliedmobility.com/es/coche/ford-tourneo-custom-dream/" />
<meta property="og:site_name" content="Allied Mobility Espana" />
<meta property="article:modified_time" content="2026-08-27T09:12:56+00:00" />
<meta name="twitter:label1" content="Estimated reading time" />
	<meta name="twitter:data1" content="14 minutes" />
<script type="application/ld+json" class="yoast-schema-graph">{"@context":"https:\/\/schema.org","@graph":[{"@type":"WebPage","@id":"https:\/\/www.alliedmobility.com\/es\/coche\/ford-tourneo-custom-dream\/","url":"https:\/\/www.alliedmobility.com\/es\/coche\/ford-tourneo-custom-dream\/","name":"Ford Tourneo Custom Dream ™ - Vehículos adaptados para sillas de ruedas - Allied Mobility","isPartOf":{"@id":"https:\/\/www.alliedmobility.com\/es\/#website"},"primaryImageOfPage":{"@id":"https:\/\/www.alliedmobility.com\/es\/coche\/ford-tourneo-custom-dream\/#primaryimage"},"image":{"@id":"https:\/\/www.alliedmobility.com\/es\/coche\/ford-tourneo-custom-dream\/#primaryimage"},"thumbnailUrl":"https:\/\/www.alliedmobility.com\/es\/wp-content\/uploads\/2025\/03\/Dream-Moondust-side-view.png","datePublished":"2025-03-03T14:54:12+00:00","dateModified":"2026-08-27T09:12:56+00:00","description":"El vehículo Ford Dream, diseñado para el traslado de personas en silla de ruedas, ya está disponible en Allied Mobility. Ofrece una flexibilidad única para que el usuario de silla de ruedas pueda pasar de su silla al asiento especializado del conductor o del copiloto.","breadcrumb":{"@id":"https:\/\/www.alliedmobility.com\/es\/coche\/ford-tourneo-custom-dream\/#breadcrumb"},"inLanguage":"es-ES","potentialAction":[{"@type":"ReadAction","target":["https:\/\/www.alliedmobility.com\/es\/coche\/ford-tourneo-custom-dream\/"]}]},{"@type":"ImageObject","inLanguage":"es-ES","@id":"https:\/\/www.alliedmobility.com\/es\/coche\/ford-tourneo-custom-dream\/#primaryimage","url":"https:\/\/www.alliedmobility.com\/es\/wp-content\/uploads\/2025\/03\/Dream-Moondust-side-view.png","contentUrl":"https:\/\/www.alliedmobility.com\/es\/wp-content\/uploads\/2025\/03\/Dream-Moondust-side-view.png","width":800,"height":350,"caption":"Una furgoneta blanca Ford Dream&#x2122; con el portón trasero abierto y una rampa desplegada, diseñada para el acceso en silla de ruedas, representada de perfil sobre un fondo liso."},{"@type":"BreadcrumbList","@id":"https:\/\/www.alliedmobility.com\/es\/coche\/ford-tourneo-custom-dream\/#breadcrumb","itemListElement":[{"@type":"ListItem","position":1,"name":"Inicio","item":"https:\/\/www.alliedmobility.com\/es\/"},{"@type":"ListItem","position":2,"name":"Ford Tourneo Custom Dream"}],"inLanguage":"es-ES"},{"@type":"WebSite","@id":"https:\/\/www.alliedmobility.com\/es\/#website","url":"https:\/\/www.alliedmobility.com\/es\/","name":"Allied Mobility Espana","description":"Coches adaptados con rampa para sillas de ruedas en España","potentialAction":[{"@type":"SearchAction","target":{"@type":"EntryPoint","urlTemplate":"https:\/\/www.alliedmobility.com\/es\/?s={search_term_string}"},"query-input":{"@type":"PropertyValueSpecification","valueRequired":true,"valueName":"search_term_string"}}],"inLanguage":"es-ES"}]}</script>
<!-- / Yoast SEO plugin. -->

Ford Tourneo Custom Dream ™ - Vehículos adaptados para sillas de ruedas - Allied Mobility

El vehículo Ford Dream, diseñado para el traslado de personas en silla de ruedas, ya está disponible en Allied Mobility. Ofrece una flexibilidad única para que el usuario de silla de ruedas pueda pasar de su silla al asiento especializado del conductor o del copiloto.

Una furgoneta blanca Ford Dream&#x2122; con el portón trasero abierto y una rampa desplegada, diseñada para el acceso en silla de ruedas, representada de perfil sobre un fondo liso.

Coches adaptados con rampa para sillas de ruedas en España
